. Calculate the remainder when x is divided by s.
12
Let p be (-8)/(-2) + -1*1. Let y(x) = 2*x. Let w(b) = 2*b**2 + 2*b - 2. Calculate the remainder when w(-4) is divided by y(p).
4
Let h(n) = -n**3 + 2*n**2 + n - 6. What is the remainder when 70 is divided by h(-3)?
34
Let n(p) = 2*p - 5. Suppose 2*q = 52 - 4. Calculate the remainder when q is divided by n(6).
3
Suppose -3*u + 38 = -52. Calculate the remainder when 58 is divided by u.
28
Suppose 0 = 5*k + 4*z - 216, -21 + 240 = 5*k + z. What is the remainder when 84 is divided by k?
40
Let v be (4/(-14))/(2/(-14)). Suppose -t - 29 = -x + 3*t, 54 = v*x - 4*t. Calculate the remainder when x is divided by 14.
11
Let w = -4 - -10. Suppose -17 + 59 = 2*r. Let h = r - 12. What is the remainder when h is divided by w?
3
Let l = -4 - -5. Suppose -4*x + 33 = l. Let b = 11 + -6. What is the remainder when x is divided by b?
3
Suppose -4*a - a + 10 = 0. Suppose -2*s = a*s - 72. Calculate the remainder when 53 is divided by s.
17
Suppose -3*p = p - 32. Let v(b) = -1. Let c(n) = -8*n + 7. Let o(j) = -c(j) - 6*v(j). What is the remainder when o(3) is divided by p?
7
Suppose 0 = 8*u + 72 - 232. What is the remainder when 39 is divided by u?
19
What is the remainder when -118*(-3 - (-3 + 3/6)) is divided by 15?
14
Let q = -25 - -32. Calculate the remainder when 32 is divided by q.
4
Let r = -7 - -10. Suppose -3*x + r*k = 2*k - 108, -4*k = -4*x + 136. What is the remainder when x is divided by 10?
7
Let t be (3 - 4) + 0/2. Calculate the remainder when 20 is divided by (-1)/(3/21*t).
6
Let k = -5 + 9. Suppose -k*m = -4*b + 10 + 238, b - 5*m - 50 = 0. Calculate the remainder when b is divided by 17.
14
Let a be -3*6/27*6. Let q(o) = -o**2 + 3*o + 1. Let s be q(5). Let h = a - s. Calculate the remainder when 8 is divided by h.
3
Let s = 20 + -9. Calculate the remainder when 31 is divided by s.
9
Let p = -2 + 3. Suppose f - 3 = 4*l, 2*f = -f + l + 9. Suppose 0 = w - 2*v - 1 - 4, w - 7 = f*v. What is the remainder when p is divided by w?
0
Let j = 290 - 115. Suppose -5*f = -5*v - j, f + 2*v = -4*f + 147. Calculate the remainder when f is divided by 8.
7
Let d be 9/15 + 534/(-15). Let l = -24 - d. What is the remainder when 21 is divided by l?
10
Suppose -3*s + 7*q = 3*q, -5*q = -3*s. Suppose s = -i + 5, -3*p = -4*i - i - 23. Calculate the remainder when 30 is divided by p.
14
Suppose -5*g + 13 = -r - 2, -g - r = -3. Suppose -g*s + 4*s - 27 = 0. Let z(l) = 20*l. Calculate the remainder when z(4) is divided by s.
26
Let m = 12 - 7. Calculate the remainder when 9 is divided by m.
4
Let h = -11 + 18. What is the remainder when h is divided by 5?
2
Let p = 12 - 18. Let d = p + 8. Let n = d + 11. Calculate the remainder when 51 is divided by n.
12
What is the remainder when -93*(4 + -1 - (-12)/(-3)) is divided by 32?
29
Suppose -2*f = -2*z - f + 9, 2*f = 3*z - 12. Let q(y) = 5*y - y**3 - 4*y + z - 7*y - 6*y**2. What is the remainder when 20 is divided by q(-5)?
9
Let p = 12 - 6. Calculate the remainder when p is divided by (-13 - -21)*1/2.
2
Let c(h) = -2*h**3 - 15*h**2 - 5*h + 10. Let d be c(-7). Let s = -3 + 14. Let o = d + s. What is the remainder when o is divided by 4?
3
Suppose 4*c - 40 = -0*c. Let b be (0 - 0)/(2/(-1)). Suppose 5*m + 5 = b, -3*a = -2*m - 37 - 16. What is the remainder when a is divided by c?
7
Suppose -3*y = 2*y + 20. Let b(s) = -s**2 - 1 - s - 3*s + 3 + 0*s. Calculate the remainder when 3 is divided by b(y).
1
Let n = -5 - -11. Suppose -n*y = -y. Suppose v = -3*j + 35, y = -j + 7*v - 3*v + 29. Calculate the remainder when j is divided by 5.
3
Suppose -35 = -0*c + 5*c. Let x = 3 + 9. Let k = c + x. Calculate the remainder when k is divided by 2.
1
Let f(h) = 14*h + 1. Let s be 6/18 - (-10)/6. What is the remainder when 113 is divided by f(s)?
26
Let k be 14 + 2 + (2 - 3). Let u be 1 + -3*k/(-9). Calculate the remainder when (-2)/(u/(-27)) - -1 is divided by 4.
2
Let y be (3 - -1)/(1/4). Calculate the remainder when 34 is divided by (y/20)/((-4)/(-90)).
16
Let u(v) = v**3 - 3*v**2 + 3*v. Calculate the remainder when 81 is divided by u(4).
25
Let j(r) be the first derivative of 2*r**2 + 2*r + 1/3*r**3 - 1. Calculate the remainder when 13 is divided by j(-5).
6
Let v = 56 + -41. What is the remainder when 44 is divided by v?
14
Suppose 4*t + k - 62 = 0, t + 4*k + k - 6 = 0. Let g be 0 + (22*6 - -1). Let m = -70 + g. What is the remainder when m is divided by t?
15
Suppose h + 3*t = -2*t + 17, 3*h = 2*t. Calculate the remainder when 10/2 + -3 + 2 is divided by h.
0
Suppose 0 = -2*j + j - 1, -2*j = -4*q + 282. What is the remainder when q is divided by 36?
34
Let x = 0 + 13. What is the remainder when 21 is divided by x?
8
Calculate the remainder when ((-1422)/45)/((-2)/5) is divided by 10.
9
Let v(u) = -1 + 0 + 14*u + 2. Let x be v(1). Suppose -d - 2*d + x = 0. What is the remainder when d is divided by 3?
2
Let n(b) = -2*b**3 + 1. Let x be n(-1). Calculate the remainder when 57 is divided by (-92)/(-4) - 0 - x.
17
Let p(q) = -q**2 - 8*q + 39. What is the remainder when p(-10) is divided by 11?
8
Let u = 7 + -2. Suppose u*g - 28 = -3. Calculate the remainder when 9 is divided by (-3)/(-9)*g*3.
4
Suppose 74 = 4*c - 2*c. What is the remainder when c is divided by 13?
11
Let q(a) = 6*a**2 - 4*a + 3. Suppose 1 = 2*i - 3. What is the remainder when q(i) is divided by 10?
9
Let d(w) be the third derivative of -17*w**6/60 + w**5/60 + w**4/12 + w**3/6 - w**2. Suppose -54 = -3*b - 0. Calculate the remainder when d(-1) is divided by b.
16
Let z(u) = -u**2 + 14*u - 1. Let o = -10 - -27. What is the remainder when z(11) is divided by o?
15
Suppose -3*a = 2*q - 18, -6 = -2*a - 5*q + 17. Let o(k) = 4*k - 5. Calculate the remainder when 17 is divided by o(a).
6
Let r = 12 + 18. Calculate the remainder when 58 is divided by r.
28
Let b be (-3 - (1 - -28))*-1. Suppose -5*x - 2 = -b. What is the remainder when 23 is divided by x?
5
Let r = 60 + -32. Suppose 3*h = h + r. Suppose -5*t + 33 = -4*c, -2*t - 4*c + 12 = 2*t. Calculate the remainder when h is divided by t.
4
Suppose o = -4*z + 39, -z = -5*z - 3*o + 37. Let i(g) = -g**3 + 13*g**2 - 9*g - 7. What is the remainder when i(12) is divided by z?
9
Let o(p) = 14*p + 1. Suppose 5*j = 3*j + 10. Suppose j*v + 1 = 6. What is the remainder when o(v) is divided by 9?
6
Let c be ((-2)/10)/(5/(-25)). Suppose 3*s - 1 = -7. Calculate the remainder when (-141)/6*s/c is divided by 16.
15
Suppose 4*x + 3*o = 5*x - 34, -x = -4*o - 38. What is the remainder when x is divided by 12?
10
Suppose g = -b + 39, -g - 2*b + 18 = -20. Suppose -3*q - q = -g. What is the remainder when -21*((-12)/14)/1 is divided by q?
8
Suppose -5*u = -4*u - 12. Calculate the remainder when 47 is divided by u.
11
Let p(j) = -j + 25. What is the remainder when 31 is divided by p(8)?
14
Let b be (5 - 3)/(-6)*-6. Suppose 5*u = b*u + 162. Suppose -4*a + u = 14. Calculate the remainder when 37 is divided by a.
7
Let j = -13 + 3. Suppose -16 = -i + 3*t, -2*t + 12 = -5*i + 53. What is the remainder when (j/8)/(4/(-64)) is divided by i?
6
Suppose 4*f + f - 35 = 0. Suppose -f = n - 2*n. Suppose 53 = 4*a - n. Calculate the remainder when 29 is divided by a.
14
Suppose 4*r - 117 = -4*q + q, 4*r = -5*q + 187. Suppose 5*s - 2*s + 4*d = q, -4*s = -2*d - 54. What is the remainder when 24 is divided by s?
11
Suppose 3*l = 3*i - 6, -3*i - 8 = 2*l - 6*i. Let d = 4 + l. What is the remainder when 21 is divided by d?
3
Let p = -96 + 183. Calculate the remainder when p is divided by 30.
27
Suppose 3*r - 15 = -4*x + 10, -5*x - 100 = -5*r. Suppose -3*z = -r - 30. What is the remainder when z is divided by 5?
0
Let s(f) = 2*f**2 + f - 5. Calculate the remainder when s(-4) is divided by 9.
5
Let v = 3 - -14. Let r = -10 + v. Calculate the remainder when 20 is divided by r.
6
Let r(o) be the third derivative of -o**4/6 + o**3/3 - 2*o**2. Calculate the remainder when r(-8) is divided by 9.
7
Let w = -167 - -241. Calculate the remainder when w is divided by 19.
17
Suppose -5*i - 5*m + 5 = 0, 5*m - 28 - 13 = 4*i. Let w(x) = -2*x. What is the remainder when 2*1/((-2)/(-14)) is divided by w(i)?
6
Let i(t) = -t**2 - t. Let w be i(0). Suppose w*l + 36 = 4*l. What is the remainder when 15 is divided by l?
6
Suppose b + 13 = 24. What is 